[INFO] fetching crate peepmatic 0.66.0...
[INFO] checking peepmatic-0.66.0 against master#af3c6e733a40e671550e0f0f5aeecaa13772ba56 for pr-74989
[INFO] extracting crate peepmatic 0.66.0 into /workspace/builds/worker-7/source
[INFO] validating manifest of crates.io crate peepmatic 0.66.0 on toolchain af3c6e733a40e671550e0f0f5aeecaa13772ba56
[INFO] running `Command { std: "/workspace/cargo-home/bin/cargo" "+af3c6e733a40e671550e0f0f5aeecaa13772ba56" "read-manifest" "--manifest-path" "Cargo.toml", kill_on_drop: false }`
[INFO] started tweaking crates.io crate peepmatic 0.66.0
[INFO] finished tweaking crates.io crate peepmatic 0.66.0
[INFO] tweaked toml for crates.io crate peepmatic 0.66.0 written to /workspace/builds/worker-7/source/Cargo.toml
[INFO] running `Command { std: "/workspace/cargo-home/bin/cargo" "+af3c6e733a40e671550e0f0f5aeecaa13772ba56" "generate-lockfile" "--manifest-path" "Cargo.toml" "-Zno-index-update", kill_on_drop: false }`
[INFO] running `Command { std: "/workspace/cargo-home/bin/cargo" "+af3c6e733a40e671550e0f0f5aeecaa13772ba56" "fetch" "--locked" "--manifest-path" "Cargo.toml", kill_on_drop: false }`
[INFO] running `Command { std: "docker" "create" "-v" "/var/lib/crater-agent-workspace/builds/worker-7/target:/opt/rustwide/target:rw,Z" "-v" "/var/lib/crater-agent-workspace/builds/worker-7/source:/opt/rustwide/workdir:ro,Z" "-v" "/var/lib/crater-agent-workspace/cargo-home:/opt/rustwide/cargo-home:ro,Z" "-v" "/var/lib/crater-agent-workspace/rustup-home:/opt/rustwide/rustup-home:ro,Z" "-e" "SOURCE_DIR=/opt/rustwide/workdir" "-e" "CARGO_TARGET_DIR=/opt/rustwide/target" "-e" "CARGO_HOME=/opt/rustwide/cargo-home" "-e" "RUSTUP_HOME=/opt/rustwide/rustup-home" "-w" "/opt/rustwide/workdir" "-m" "1610612736" "--user" "0:0" "--network" "none" "rustops/crates-build-env@sha256:d92eaeed33fa75130ca1ee6c8a01d1ffb62bac859dfdfb3450e3e5d1c0146529" "/opt/rustwide/cargo-home/bin/cargo" "+af3c6e733a40e671550e0f0f5aeecaa13772ba56" "metadata" "--no-deps" "--format-version=1", kill_on_drop: false }`
[INFO] [stderr] WARNING: Your kernel does not support swap limit capabilities or the cgroup is not mounted. Memory limited without swap.
[INFO] [stdout] 3d717f5d752beeda6b81f776a575e1e66569243a21a3ec93ff8a6f63f8f59495
[INFO] running `Command { std: "docker" "start" "-a" "3d717f5d752beeda6b81f776a575e1e66569243a21a3ec93ff8a6f63f8f59495", kill_on_drop: false }`
[INFO] running `Command { std: "docker" "inspect" "3d717f5d752beeda6b81f776a575e1e66569243a21a3ec93ff8a6f63f8f59495", kill_on_drop: false }`
[INFO] running `Command { std: "docker" "rm" "-f" "3d717f5d752beeda6b81f776a575e1e66569243a21a3ec93ff8a6f63f8f59495", kill_on_drop: false }`
[INFO] [stdout] 3d717f5d752beeda6b81f776a575e1e66569243a21a3ec93ff8a6f63f8f59495
[INFO] running `Command { std: "docker" "create" "-v" "/var/lib/crater-agent-workspace/builds/worker-7/target:/opt/rustwide/target:rw,Z" "-v" "/var/lib/crater-agent-workspace/builds/worker-7/source:/opt/rustwide/workdir:ro,Z" "-v" "/var/lib/crater-agent-workspace/cargo-home:/opt/rustwide/cargo-home:ro,Z" "-v" "/var/lib/crater-agent-workspace/rustup-home:/opt/rustwide/rustup-home:ro,Z" "-e" "SOURCE_DIR=/opt/rustwide/workdir" "-e" "CARGO_TARGET_DIR=/opt/rustwide/target" "-e" "CARGO_INCREMENTAL=0" "-e" "RUST_BACKTRACE=full" "-e" "RUSTFLAGS=--cap-lints=forbid" "-e" "CARGO_HOME=/opt/rustwide/cargo-home" "-e" "RUSTUP_HOME=/opt/rustwide/rustup-home" "-w" "/opt/rustwide/workdir" "-m" "1610612736" "--user" "0:0" "--network" "none" "rustops/crates-build-env@sha256:d92eaeed33fa75130ca1ee6c8a01d1ffb62bac859dfdfb3450e3e5d1c0146529" "/opt/rustwide/cargo-home/bin/cargo" "+af3c6e733a40e671550e0f0f5aeecaa13772ba56" "check" "--frozen" "--all" "--all-targets" "--message-format=json", kill_on_drop: false }`
[INFO] [stdout] 5d265f6041d887851796193f783e10e50fc3386f972a5316d15f19dd057fe9af
[INFO] [stderr] WARNING: Your kernel does not support swap limit capabilities or the cgroup is not mounted. Memory limited without swap.
[INFO] running `Command { std: "docker" "start" "-a" "5d265f6041d887851796193f783e10e50fc3386f972a5316d15f19dd057fe9af", kill_on_drop: false }`
[INFO] [stderr]    Compiling cc v1.0.59
[INFO] [stderr]    Compiling log v0.4.11
[INFO] [stderr]     Checking leb128 v0.2.4
[INFO] [stderr]     Checking bumpalo v3.4.0
[INFO] [stderr]    Compiling thiserror-impl v1.0.20
[INFO] [stderr]    Compiling peepmatic-macro v0.2.0
[INFO] [stderr]     Checking serde v1.0.116
[INFO] [stderr]     Checking wast v15.0.0
[INFO] [stderr]    Compiling cmake v0.1.44
[INFO] [stderr]    Compiling z3-sys v0.6.2
[INFO] [stderr]     Checking thiserror v1.0.20
[INFO] [stderr]     Checking bincode v1.3.1
[INFO] [stderr]     Checking peepmatic-automata v0.2.0
[INFO] [stderr]     Checking peepmatic-runtime v0.2.0
[INFO] [stderr] error: failed to run custom build command for `z3-sys v0.6.2`
[INFO] [stderr] 
[INFO] [stderr] Caused by:
[INFO] [stderr]   process didn't exit successfully: `/opt/rustwide/target/debug/build/z3-sys-7c63a63d1319a46c/build-script-build` (exit code: 101)
[INFO] [stderr]   --- stdout
[INFO] [stderr]   running: "cmake" "/opt/rustwide/cargo-home/registry/src/github.com-1ecc6299db9ec823/z3-sys-0.6.2/z3" "-DZ3_BUILD_LIBZ3_SHARED=false" "-DZ3_BUILD_EXECUTABLE=false" "-DZ3_BUILD_TEST_EXECUTABLES=false" "-DCMAKE_INSTALL_PREFIX=/opt/rustwide/target/debug/build/z3-sys-c4ecefb1c87ca113/out" "-DCMAKE_C_FLAGS= -ffunction-sections -fdata-sections -fPIC -m64" "-DCMAKE_C_COMPILER=/usr/bin/cc" "-DCMAKE_CXX_FLAGS= -ffunction-sections -fdata-sections -fPIC -m64" "-DCMAKE_CXX_COMPILER=/usr/bin/c++" "-DCMAKE_ASM_FLAGS= -ffunction-sections -fdata-sections -fPIC -m64" "-DCMAKE_ASM_COMPILER=/usr/bin/cc" "-DCMAKE_BUILD_TYPE=Debug"
[INFO] [stderr]   -- The CXX compiler identification is GNU 9.3.0
[INFO] [stderr]   -- Check for working CXX compiler: /usr/bin/c++
[INFO] [stderr]   -- Check for working CXX compiler: /usr/bin/c++ -- works
[INFO] [stderr]   -- Detecting CXX compiler ABI info
[INFO] [stderr]   -- Detecting CXX compiler ABI info - done
[INFO] [stderr]   -- Detecting CXX compile features
[INFO] [stderr]   -- Detecting CXX compile features - done
[INFO] [stderr]   -- Z3 version 4.8.8.0
[INFO] [stderr]   -- Failed to find git directory.
[INFO] [stderr]   -- CMake generator: Unix Makefiles
[INFO] [stderr]   -- Build type: Debug
[INFO] [stderr]   -- Found PythonInterp: /usr/bin/python (found version "2.7.18") 
[INFO] [stderr]   -- PYTHON_EXECUTABLE: /usr/bin/python
[INFO] [stderr]   -- Detected target architecture: x86_64
[INFO] [stderr]   -- Platform: Linux
[INFO] [stderr]   -- Not using libgmp
[INFO] [stderr]   -- Not using Z3_API_LOG_SYNC
[INFO] [stderr]   -- Thread-safe build
[INFO] [stderr]   -- Performing Test HAS_SSE2
[INFO] [stderr]   -- Performing Test HAS_SSE2 - Success
[INFO] [stderr]   -- Looking for C++ include pthread.h
[INFO] [stderr]   -- Looking for C++ include pthread.h - found
[INFO] [stderr]   -- Performing Test CMAKE_HAVE_LIBC_PTHREAD
[INFO] [stderr]   -- Performing Test CMAKE_HAVE_LIBC_PTHREAD - Failed
[INFO] [stderr]   -- Looking for pthread_create in pthreads
[INFO] [stderr]   -- Looking for pthread_create in pthreads - not found
[INFO] [stderr]   -- Looking for pthread_create in pthread
[INFO] [stderr]   -- Looking for pthread_create in pthread - found
[INFO] [stderr]   -- Found Threads: TRUE  
[INFO] [stderr]   -- Performing Test HAS__Wall
[INFO] [stderr]   -- Performing Test HAS__Wall - Success
[INFO] [stderr]   -- C++ compiler supports -Wall
[INFO] [stderr]   -- Treating only serious compiler warnings as errors
[INFO] [stderr]   -- Performing Test HAS__Werror_odr
[INFO] [stderr]   -- Performing Test HAS__Werror_odr - Success
[INFO] [stderr]   -- C++ compiler supports -Werror=odr
[INFO] [stderr]   -- Performing Test HAS__fvisibility_hidden
[INFO] [stderr]   -- Performing Test HAS__fvisibility_hidden - Success
[INFO] [stderr]   -- C++ compiler supports -fvisibility=hidden
[INFO] [stderr]   -- LTO disabled
[INFO] [stderr]   -- CMAKE_CXX_FLAGS: " -ffunction-sections -fdata-sections -fPIC -m64 -Werror=odr "
[INFO] [stderr]   -- CMAKE_EXE_LINKER_FLAGS: ""
[INFO] [stderr]   -- CMAKE_STATIC_LINKER_FLAGS: ""
[INFO] [stderr]   -- CMAKE_SHARED_LINKER_FLAGS: ""
[INFO] [stderr]   -- CMAKE_CXX_FLAGS_DEBUG: "-g -O0"
[INFO] [stderr]   -- CMAKE_EXE_LINKER_FLAGS_DEBUG: ""
[INFO] [stderr]   -- CMAKE_SHARED_LINKER_FLAGS_DEBUG: ""
[INFO] [stderr]   -- CMAKE_STATIC_LINKER_FLAGS_DEBUG: ""
[INFO] [stderr]   -- Z3_COMPONENT_CXX_DEFINES: $<$<CONFIG:Debug>:Z3DEBUG>;$<$<CONFIG:Release>:_EXTERNAL_RELEASE>;$<$<CONFIG:RelWithDebInfo>:_EXTERNAL_RELEASE>;-D_LINUX_;-D_USE_THREAD_LOCAL;-D_MP_INTERNAL;$<$<CONFIG:Debug>:_TRACE>
[INFO] [stderr]   -- Z3_COMPONENT_CXX_FLAGS: -mfpmath=sse;-msse;-msse2;-Wall;-fvisibility=hidden
[INFO] [stderr]   -- Z3_DEPENDENT_LIBS: -lpthread
[INFO] [stderr]   -- Z3_COMPONENT_EXTRA_INCLUDE_DIRS: /opt/rustwide/target/debug/build/z3-sys-c4ecefb1c87ca113/out/build/src;/opt/rustwide/cargo-home/registry/src/github.com-1ecc6299db9ec823/z3-sys-0.6.2/z3/src
[INFO] [stderr]   -- Z3_DEPENDENT_EXTRA_CXX_LINK_FLAGS: 
[INFO] [stderr]   -- CMAKE_INSTALL_LIBDIR: "lib"
[INFO] [stderr]   -- CMAKE_INSTALL_BINDIR: "bin"
[INFO] [stderr]   -- CMAKE_INSTALL_INCLUDEDIR: "include"
[INFO] [stderr]   -- CMAKE_INSTALL_PKGCONFIGDIR: "lib/pkgconfig"
[INFO] [stderr]   -- CMAKE_INSTALL_Z3_CMAKE_PACKAGE_DIR: "lib/cmake/z3"
[INFO] [stderr]   -- Adding component util
[INFO] [stderr]   -- Adding component polynomial
[INFO] [stderr]   -- Adding rule to generate "algebraic_params.hpp"
[INFO] [stderr]   -- Adding component dd
[INFO] [stderr]   -- Adding component hilbert
[INFO] [stderr]   -- Adding component simplex
[INFO] [stderr]   -- Adding component automata
[INFO] [stderr]   -- Adding component interval
[INFO] [stderr]   -- Adding component realclosure
[INFO] [stderr]   -- Adding rule to generate "rcf_params.hpp"
[INFO] [stderr]   -- Adding component subpaving
[INFO] [stderr]   -- Adding component ast
[INFO] [stderr]   -- Adding rule to generate "pp_params.hpp"
[INFO] [stderr]   -- Adding component rewriter
[INFO] [stderr]   -- Adding rule to generate "arith_rewriter_params.hpp"
[INFO] [stderr]   -- Adding rule to generate "array_rewriter_params.hpp"
[INFO] [stderr]   -- Adding rule to generate "bool_rewriter_params.hpp"
[INFO] [stderr]   -- Adding rule to generate "bv_rewriter_params.hpp"
[INFO] [stderr]   -- Adding rule to generate "fpa_rewriter_params.hpp"
[INFO] [stderr]   -- Adding rule to generate "poly_rewriter_params.hpp"
[INFO] [stderr]   -- Adding rule to generate "rewriter_params.hpp"
[INFO] [stderr]   -- Adding rule to generate "seq_rewriter_params.hpp"
[INFO] [stderr]   -- Adding component normal_forms
[INFO] [stderr]   -- Adding rule to generate "nnf_params.hpp"
[INFO] [stderr]   -- Adding component model
[INFO] [stderr]   -- Adding rule to generate "model_evaluator_params.hpp"
[INFO] [stderr]   -- Adding rule to generate "model_params.hpp"
[INFO] [stderr]   -- Adding component tactic
[INFO] [stderr]   -- Adding rule to generate "tactic_params.hpp"
[INFO] [stderr]   -- Adding component substitution
[INFO] [stderr]   -- Adding component parser_util
[INFO] [stderr]   -- Adding rule to generate "parser_params.hpp"
[INFO] [stderr]   -- Adding component grobner
[INFO] [stderr]   -- Adding component sat
[INFO] [stderr]   -- Adding rule to generate "sat_asymm_branch_params.hpp"
[INFO] [stderr]   -- Adding rule to generate "sat_params.hpp"
[INFO] [stderr]   -- Adding rule to generate "sat_scc_params.hpp"
[INFO] [stderr]   -- Adding rule to generate "sat_simplifier_params.hpp"
[INFO] [stderr]   -- Adding component nlsat
[INFO] [stderr]   -- Adding rule to generate "nlsat_params.hpp"
[INFO] [stderr]   -- Adding component lp
[INFO] [stderr]   -- Adding component core_tactics
[INFO] [stderr]   -- Adding component subpaving_tactic
[INFO] [stderr]   -- Adding component aig_tactic
[INFO] [stderr]   -- Adding component solver
[INFO] [stderr]   -- Adding rule to generate "combined_solver_params.hpp"
[INFO] [stderr]   -- Adding rule to generate "parallel_params.hpp"
[INFO] [stderr]   -- Adding rule to generate "solver_params.hpp"
[INFO] [stderr]   -- Adding component sat_tactic
[INFO] [stderr]   -- Adding component arith_tactics
[INFO] [stderr]   -- Adding component nlsat_tactic
[INFO] [stderr]   -- Adding component ackermannization
[INFO] [stderr]   -- Adding rule to generate "ackermannization_params.hpp"
[INFO] [stderr]   -- Adding rule to generate "ackermannize_bv_tactic_params.hpp"
[INFO] [stderr]   -- Adding component cmd_context
[INFO] [stderr]   -- Adding component extra_cmds
[INFO] [stderr]   -- Adding component smt2parser
[INFO] [stderr]   -- Adding component proofs
[INFO] [stderr]   -- Adding component fpa
[INFO] [stderr]   -- Adding rule to generate "fpa2bv_rewriter_params.hpp"
[INFO] [stderr]   -- Adding component macros
[INFO] [stderr]   -- Adding component pattern
[INFO] [stderr]   -- Adding rule to generate "pattern_inference_params_helper.hpp"
[INFO] [stderr]   -- Adding component bit_blaster
[INFO] [stderr]   -- Adding component smt_params
[INFO] [stderr]   -- Adding rule to generate "smt_params_helper.hpp"
[INFO] [stderr]   -- Adding component proto_model
[INFO] [stderr]   -- Adding component smt
[INFO] [stderr]   -- Adding component bv_tactics
[INFO] [stderr]   -- Adding component smt_tactic
[INFO] [stderr]   -- Adding component sls_tactic
[INFO] [stderr]   -- Adding rule to generate "sls_params.hpp"
[INFO] [stderr]   -- Adding component qe
[INFO] [stderr]   -- Adding component muz
[INFO] [stderr]   -- Adding rule to generate "fp_params.hpp"
[INFO] [stderr]   -- Adding component dataflow
[INFO] [stderr]   -- Adding component transforms
[INFO] [stderr]   -- Adding component rel
[INFO] [stderr]   -- Adding component clp
[INFO] [stderr]   -- Adding component tab
[INFO] [stderr]   -- Adding component bmc
[INFO] [stderr]   -- Adding component ddnf
[INFO] [stderr]   -- Adding component spacer
[INFO] [stderr]   -- Adding component fp
[INFO] [stderr]   -- Adding component ufbv_tactic
[INFO] [stderr]   -- Adding component sat_solver
[INFO] [stderr]   -- Adding component smtlogic_tactics
[INFO] [stderr]   -- Adding rule to generate "qfufbv_tactic_params.hpp"
[INFO] [stderr]   -- Adding component fpa_tactics
[INFO] [stderr]   -- Adding component fd_solver
[INFO] [stderr]   -- Adding component portfolio
[INFO] [stderr]   -- Adding component opt
[INFO] [stderr]   -- Adding rule to generate "opt_params.hpp"
[INFO] [stderr]   -- Adding component api
[INFO] [stderr]   -- Adding component api_dll
[INFO] [stderr]   -- Building documentation disabled
[INFO] [stderr]   -- Configuring done
[INFO] [stderr]   -- Generating done
[INFO] [stderr]   -- Build files have been written to: /opt/rustwide/target/debug/build/z3-sys-c4ecefb1c87ca113/out/build
[INFO] [stderr]   running: "cmake" "--build" "." "--target" "install" "--config" "Debug" "--"
[INFO] [stderr]   Scanning dependencies of target util
[INFO] [stderr]   [  0%] Building CXX object src/util/CMakeFiles/util.dir/bit_util.cpp.o
[INFO] [stderr]   [  0%] Building CXX object src/util/CMakeFiles/util.dir/approx_set.cpp.o
[INFO] [stderr]   [  0%] Building CXX object src/util/CMakeFiles/util.dir/approx_nat.cpp.o
[INFO] [stderr]   [  1%] Building CXX object src/util/CMakeFiles/util.dir/bit_vector.cpp.o
[INFO] [stderr]   [  1%] Building CXX object src/util/CMakeFiles/util.dir/common_msgs.cpp.o
[INFO] [stderr]   [  1%] Building CXX object src/util/CMakeFiles/util.dir/cmd_context_types.cpp.o
[INFO] [stderr]   [  1%] Building CXX object src/util/CMakeFiles/util.dir/debug.cpp.o
[INFO] [stderr]   [  1%] Building CXX object src/util/CMakeFiles/util.dir/hwf.cpp.o
[INFO] [stderr]   [  1%] Building CXX object src/util/CMakeFiles/util.dir/gparams.cpp.o
[INFO] [stderr]   [  2%] Building CXX object src/util/CMakeFiles/util.dir/hash.cpp.o
[INFO] [stderr]   [  2%] Building CXX object src/util/CMakeFiles/util.dir/fixed_bit_vector.cpp.o
[INFO] [stderr]   [  2%] Building CXX object src/util/CMakeFiles/util.dir/env_params.cpp.o
[INFO] [stderr]   [  2%] Building CXX object src/util/CMakeFiles/util.dir/inf_int_rational.cpp.o
[INFO] [stderr]   [  2%] Building CXX object src/util/CMakeFiles/util.dir/inf_rational.cpp.o
[INFO] [stderr]   [  2%] Building CXX object src/util/CMakeFiles/util.dir/lbool.cpp.o
[INFO] [stderr]   [  2%] Building CXX object src/util/CMakeFiles/util.dir/inf_s_integer.cpp.o
[INFO] [stderr]   [  2%] Building CXX object src/util/CMakeFiles/util.dir/luby.cpp.o
[INFO] [stderr]   [  3%] Building CXX object src/util/CMakeFiles/util.dir/min_cut.cpp.o
[INFO] [stderr]   [  3%] Building CXX object src/util/CMakeFiles/util.dir/memory_manager.cpp.o
[INFO] [stderr]   [  3%] Building CXX object src/util/CMakeFiles/util.dir/mpbq.cpp.o
[INFO] [stderr]   [  3%] Building CXX object src/util/CMakeFiles/util.dir/mpf.cpp.o
[INFO] [stderr]   [  3%] Building CXX object src/util/CMakeFiles/util.dir/mpff.cpp.o
[INFO] [stderr]   [  3%] Building CXX object src/util/CMakeFiles/util.dir/mpfx.cpp.o
[INFO] [stderr]   [  3%] Building CXX object src/util/CMakeFiles/util.dir/mpn.cpp.o
[INFO] [stderr]   [  3%] Building CXX object src/util/CMakeFiles/util.dir/mpq.cpp.o
[INFO] [stderr]   [  3%] Building CXX object src/util/CMakeFiles/util.dir/mpq_inf.cpp.o
[INFO] [stderr]   [  4%] Building CXX object src/util/CMakeFiles/util.dir/mpz.cpp.o
[INFO] [stderr]   [  4%] Building CXX object src/util/CMakeFiles/util.dir/page.cpp.o
[INFO] [stderr]   [  4%] Building CXX object src/util/CMakeFiles/util.dir/params.cpp.o
[INFO] [stderr]   [  4%] Building CXX object src/util/CMakeFiles/util.dir/permutation.cpp.o
[INFO] [stderr]   [  4%] Building CXX object src/util/CMakeFiles/util.dir/prime_generator.cpp.o
[INFO] [stderr]   [  4%] Building CXX object src/util/CMakeFiles/util.dir/rational.cpp.o
[INFO] [stderr]   [  4%] Building CXX object src/util/CMakeFiles/util.dir/scoped_timer.cpp.o
[INFO] [stderr]   [  4%] Building CXX object src/util/CMakeFiles/util.dir/region.cpp.o
[INFO] [stderr]   [  4%] Building CXX object src/util/CMakeFiles/util.dir/scoped_ctrl_c.cpp.o
[INFO] [stderr]   [  5%] Building CXX object src/util/CMakeFiles/util.dir/rlimit.cpp.o
[INFO] [stderr]   [  5%] Building CXX object src/util/CMakeFiles/util.dir/sexpr.cpp.o
[INFO] [stderr]   [  5%] Building CXX object src/util/CMakeFiles/util.dir/s_integer.cpp.o
[INFO] [stderr]   [  5%] Building CXX object src/util/CMakeFiles/util.dir/small_object_allocator.cpp.o
[INFO] [stderr]   [  5%] Building CXX object src/util/CMakeFiles/util.dir/smt2_util.cpp.o
[INFO] [stderr]   [  5%] Building CXX object src/util/CMakeFiles/util.dir/stack.cpp.o
[INFO] [stderr]   [  6%] Building CXX object src/util/CMakeFiles/util.dir/statistics.cpp.o
[INFO] [stderr]   [  6%] Building CXX object src/util/CMakeFiles/util.dir/symbol.cpp.o
[INFO] [stderr]   [  6%] Building CXX object src/util/CMakeFiles/util.dir/timeit.cpp.o
[INFO] [stderr]   [  6%] Building CXX object src/util/CMakeFiles/util.dir/timeout.cpp.o
[INFO] [stderr]   [  6%] Building CXX object src/util/CMakeFiles/util.dir/util.cpp.o
[INFO] [stderr]   [  6%] Building CXX object src/util/CMakeFiles/util.dir/trace.cpp.o
[INFO] [stderr]   [  6%] Building CXX object src/util/CMakeFiles/util.dir/warning.cpp.o
[INFO] [stderr]   [  6%] Building CXX object src/util/CMakeFiles/util.dir/z3_exception.cpp.o
[INFO] [stderr]   [  6%] Built target util
[INFO] [stderr]   Scanning dependencies of target automata
[INFO] [stderr]   Scanning dependencies of target simplex
[INFO] [stderr]   [  6%] Generating "/opt/rustwide/target/debug/build/z3-sys-c4ecefb1c87ca113/out/build/src/math/polynomial/algebraic_params.hpp" from "algebraic_params.pyg"
[INFO] [stderr]   Scanning dependencies of target interval
[INFO] [stderr]   [  7%] Building CXX object src/math/automata/CMakeFiles/automata.dir/automaton.cpp.o
[INFO] [stderr]   Scanning dependencies of target hilbert
[INFO] [stderr]   [  7%] Building CXX object src/math/simplex/CMakeFiles/simplex.dir/model_based_opt.cpp.o
[INFO] [stderr]   [  7%] Building CXX object src/math/simplex/CMakeFiles/simplex.dir/bit_matrix.cpp.o
[INFO] [stderr]   Scanning dependencies of target dd
[INFO] [stderr]   [  7%] Building CXX object src/math/simplex/CMakeFiles/simplex.dir/simplex.cpp.o
[INFO] [stderr]   [  7%] Building CXX object src/math/dd/CMakeFiles/dd.dir/dd_pdd.cpp.o
[INFO] [stderr]   [  7%] Building CXX object src/math/dd/CMakeFiles/dd.dir/dd_bdd.cpp.o
[INFO] [stderr]   [  7%] Building CXX object src/math/hilbert/CMakeFiles/hilbert.dir/hilbert_basis.cpp.o
[INFO] [stderr]   [  7%] Building CXX object src/math/interval/CMakeFiles/interval.dir/interval_mpq.cpp.o
[INFO] [stderr]   [  7%] Building CXX object src/math/interval/CMakeFiles/interval.dir/dep_intervals.cpp.o
[INFO] [stderr]   Scanning dependencies of target polynomial
[INFO] [stderr]   [  7%] Building CXX object src/math/polynomial/CMakeFiles/polynomial.dir/sexpr2upolynomial.cpp.o
[INFO] [stderr]   [  7%] Building CXX object src/math/polynomial/CMakeFiles/polynomial.dir/algebraic_numbers.cpp.o
[INFO] [stderr]   [  7%] Building CXX object src/math/polynomial/CMakeFiles/polynomial.dir/polynomial.cpp.o
[INFO] [stderr]   [  8%] Building CXX object src/math/polynomial/CMakeFiles/polynomial.dir/upolynomial.cpp.o
[INFO] [stderr]   [  8%] Building CXX object src/math/polynomial/CMakeFiles/polynomial.dir/rpolynomial.cpp.o
[INFO] [stderr]   [  8%] Building CXX object src/math/polynomial/CMakeFiles/polynomial.dir/polynomial_cache.cpp.o
[INFO] [stderr]   [  8%] Building CXX object src/math/polynomial/CMakeFiles/polynomial.dir/upolynomial_factorization.cpp.o
[INFO] [stderr]   [  8%] Built target automata
[INFO] [stderr]   [  8%] Built target interval
[INFO] [stderr]   [  8%] Generating "/opt/rustwide/target/debug/build/z3-sys-c4ecefb1c87ca113/out/build/src/math/realclosure/rcf_params.hpp" from "rcf_params.pyg"
[INFO] [stderr]   Scanning dependencies of target subpaving
[INFO] [stderr]   [  9%] Building CXX object src/math/subpaving/CMakeFiles/subpaving.dir/subpaving_hwf.cpp.o
[INFO] [stderr]   [  9%] Building CXX object src/math/subpaving/CMakeFiles/subpaving.dir/subpaving.cpp.o
[INFO] [stderr]   [  9%] Building CXX object src/math/subpaving/CMakeFiles/subpaving.dir/subpaving_mpf.cpp.o
[INFO] [stderr]   [  9%] Building CXX object src/math/subpaving/CMakeFiles/subpaving.dir/subpaving_mpfx.cpp.o
[INFO] [stderr]   [  9%] Building CXX object src/math/subpaving/CMakeFiles/subpaving.dir/subpaving_mpff.cpp.o
[INFO] [stderr]   Scanning dependencies of target realclosure
[INFO] [stderr]   [  9%] Building CXX object src/math/subpaving/CMakeFiles/subpaving.dir/subpaving_mpq.cpp.o
[INFO] [stderr]   [  9%] Building CXX object src/math/realclosure/CMakeFiles/realclosure.dir/mpz_matrix.cpp.o
[INFO] [stderr]   [ 10%] Building CXX object src/math/realclosure/CMakeFiles/realclosure.dir/realclosure.cpp.o
[INFO] [stderr]   [ 10%] Built target simplex
[INFO] [stderr]   [ 10%] Built target dd
[INFO] [stderr]   [ 10%] Built target hilbert
[INFO] [stderr]   [ 10%] Built target realclosure
[INFO] [stderr]   [ 10%] Built target polynomial
[INFO] [stderr]   [ 11%] Generating "/opt/rustwide/target/debug/build/z3-sys-c4ecefb1c87ca113/out/build/src/ast/pp_params.hpp" from "pp_params.pyg"
[INFO] [stderr]   [ 11%] Built target subpaving
[INFO] [stderr]   Scanning dependencies of target ast
[INFO] [stderr]   [ 11%] Building CXX object src/ast/CMakeFiles/ast.dir/act_cache.cpp.o
[INFO] [stderr]   [ 11%] Building CXX object src/ast/CMakeFiles/ast.dir/arith_decl_plugin.cpp.o
[INFO] [stderr]   [ 11%] Building CXX object src/ast/CMakeFiles/ast.dir/array_decl_plugin.cpp.o
[INFO] [stderr]   [ 11%] Building CXX object src/ast/CMakeFiles/ast.dir/ast.cpp.o
[INFO] [stderr]   [ 11%] Building CXX object src/ast/CMakeFiles/ast.dir/ast_ll_pp.cpp.o
[INFO] [stderr]   [ 11%] Building CXX object src/ast/CMakeFiles/ast.dir/ast_lt.cpp.o
[INFO] [stderr]   [ 11%] Building CXX object src/ast/CMakeFiles/ast.dir/ast_pp_util.cpp.o
[INFO] [stderr]   [ 11%] Building CXX object src/ast/CMakeFiles/ast.dir/ast_smt2_pp.cpp.o
[INFO] [stderr]   [ 12%] Building CXX object src/ast/CMakeFiles/ast.dir/ast_printer.cpp.o
[INFO] [stderr]   [ 12%] Building CXX object src/ast/CMakeFiles/ast.dir/ast_pp_dot.cpp.o
[INFO] [stderr]   [ 12%] Building CXX object src/ast/CMakeFiles/ast.dir/bv_decl_plugin.cpp.o
[INFO] [stderr]   [ 12%] Building CXX object src/ast/CMakeFiles/ast.dir/ast_util.cpp.o
[INFO] [stderr]   [ 12%] Building CXX object src/ast/CMakeFiles/ast.dir/ast_translation.cpp.o
[INFO] [stderr]   [ 12%] Building CXX object src/ast/CMakeFiles/ast.dir/ast_smt_pp.cpp.o
[INFO] [stderr]   [ 13%] Building CXX object src/ast/CMakeFiles/ast.dir/datatype_decl_plugin.cpp.o
[INFO] [stderr]   [ 13%] Building CXX object src/ast/CMakeFiles/ast.dir/csp_decl_plugin.cpp.o
[INFO] [stderr]   [ 13%] Building CXX object src/ast/CMakeFiles/ast.dir/decl_collector.cpp.o
[INFO] [stderr]   [ 13%] Building CXX object src/ast/CMakeFiles/ast.dir/display_dimacs.cpp.o
[INFO] [stderr]   [ 13%] Building CXX object src/ast/CMakeFiles/ast.dir/dl_decl_plugin.cpp.o
[INFO] [stderr] 
[INFO] [stderr]   --- stderr
[INFO] [stderr]   CMake Warning at CMakeLists.txt:60 (message):
[INFO] [stderr]     Disabling Z3_INCLUDE_GIT_DESCRIBE
[INFO] [stderr]   Call Stack (most recent call first):
[INFO] [stderr]     CMakeLists.txt:109 (disable_git_describe)
[INFO] [stderr] 
[INFO] [stderr] 
[INFO] [stderr]   CMake Warning at CMakeLists.txt:64 (message):
[INFO] [stderr]     Disabling Z3_INCLUDE_GIT_HASH
[INFO] [stderr]   Call Stack (most recent call first):
[INFO] [stderr]     CMakeLists.txt:110 (disable_git_hash)
[INFO] [stderr] 
[INFO] [stderr] 
[INFO] [stderr]   CMake Warning:
[INFO] [stderr]     Manually-specified variables were not used by the project:
[INFO] [stderr] 
[INFO] [stderr]       CMAKE_ASM_COMPILER
[INFO] [stderr]       CMAKE_ASM_FLAGS
[INFO] [stderr]       CMAKE_C_COMPILER
[INFO] [stderr]       CMAKE_C_FLAGS
[INFO] [stderr] 
[INFO] [stderr] 
[INFO] [stderr]   /opt/rustwide/cargo-home/registry/src/github.com-1ecc6299db9ec823/z3-sys-0.6.2/z3/src/util/fixed_bit_vector.cpp: In constructor 'fixed_bit_vector_manager::fixed_bit_vector_manager(unsigned int)':
[INFO] [stderr]   /opt/rustwide/cargo-home/registry/src/github.com-1ecc6299db9ec823/z3-sys-0.6.2/z3/src/util/fixed_bit_vector.cpp:51:32: warning: 'void* memset(void*, int, size_t)' clearing an object of non-trivial type 'class fixed_bit_vector'; use assignment or value-initialization instead [-Wclass-memaccess]
[INFO] [stderr]      51 |     memset(&m_0, 0, sizeof(m_0));
[INFO] [stderr]         |                                ^
[INFO] [stderr]   In file included from /opt/rustwide/cargo-home/registry/src/github.com-1ecc6299db9ec823/z3-sys-0.6.2/z3/src/util/fixed_bit_vector.cpp:23:
[INFO] [stderr]   /opt/rustwide/cargo-home/registry/src/github.com-1ecc6299db9ec823/z3-sys-0.6.2/z3/src/util/fixed_bit_vector.h:28:7: note: 'class fixed_bit_vector' declared here
[INFO] [stderr]      28 | class fixed_bit_vector {
[INFO] [stderr]         |       ^~~~~~~~~~~~~~~~
[INFO] [stderr]   INFO:root:Using /opt/rustwide/cargo-home/registry/src/github.com-1ecc6299db9ec823/z3-sys-0.6.2/z3/src/math/polynomial/algebraic_params.pyg
[INFO] [stderr]   INFO:root:Generated "/opt/rustwide/target/debug/build/z3-sys-c4ecefb1c87ca113/out/build/src/math/polynomial/algebraic_params.hpp"
[INFO] [stderr]   In file included from /opt/rustwide/cargo-home/registry/src/github.com-1ecc6299db9ec823/z3-sys-0.6.2/z3/src/util/mpn.h:25,
[INFO] [stderr]                    from /opt/rustwide/cargo-home/registry/src/github.com-1ecc6299db9ec823/z3-sys-0.6.2/z3/src/util/mpz.h:29,
[INFO] [stderr]                    from /opt/rustwide/cargo-home/registry/src/github.com-1ecc6299db9ec823/z3-sys-0.6.2/z3/src/util/mpq.h:22,
[INFO] [stderr]                    from /opt/rustwide/cargo-home/registry/src/github.com-1ecc6299db9ec823/z3-sys-0.6.2/z3/src/util/rational.h:22,
[INFO] [stderr]                    from /opt/rustwide/cargo-home/registry/src/github.com-1ecc6299db9ec823/z3-sys-0.6.2/z3/src/math/hilbert/hilbert_basis.h:31,
[INFO] [stderr]                    from /opt/rustwide/cargo-home/registry/src/github.com-1ecc6299db9ec823/z3-sys-0.6.2/z3/src/math/hilbert/hilbert_basis.cpp:20:
[INFO] [stderr]   /opt/rustwide/cargo-home/registry/src/github.com-1ecc6299db9ec823/z3-sys-0.6.2/z3/src/util/buffer.h: In instantiation of 'void buffer<T, CallDestructors, INITIAL_SIZE>::expand() [with T = std::pair<checked_int64<true>, heap_trie<checked_int64<true>, hilbert_basis::value_index2::key_le, checked_int64<true>::hash_proc, unsigned int>::node*>; bool CallDestructors = true; unsigned int INITIAL_SIZE = 2]':
[INFO] [stderr]   /opt/rustwide/cargo-home/registry/src/github.com-1ecc6299db9ec823/z3-sys-0.6.2/z3/src/util/buffer.h:158:13:   required from 'void buffer<T, CallDestructors, INITIAL_SIZE>::push_back(T&&) [with T = std::pair<checked_int64<true>, heap_trie<checked_int64<true>, hilbert_basis::value_index2::key_le, checked_int64<true>::hash_proc, unsigned int>::node*>; bool CallDestructors = true; unsigned int INITIAL_SIZE = 2]'
[INFO] [stderr]   /opt/rustwide/cargo-home/registry/src/github.com-1ecc6299db9ec823/z3-sys-0.6.2/z3/src/math/hilbert/heap_trie.h:111:13:   required from 'heap_trie<Key, KeyLE, KeyHash, Value>::node* heap_trie<Key, KeyLE, KeyHash, Value>::trie::find_or_insert(Key, heap_trie<Key, KeyLE, KeyHash, Value>::node*) [with Key = checked_int64<true>; KeyLE = hilbert_basis::value_index2::key_le; KeyHash = checked_int64<true>::hash_proc; Value = unsigned int]'
[INFO] [stderr]   /opt/rustwide/cargo-home/registry/src/github.com-1ecc6299db9ec823/z3-sys-0.6.2/z3/src/math/hilbert/heap_trie.h:606:15:   required from 'heap_trie<Key, KeyLE, KeyHash, Value>::node* heap_trie<Key, KeyLE, KeyHash, Value>::insert_key(heap_trie<Key, KeyLE, KeyHash, Value>::trie*, bool, const Key&) [with Key = checked_int64<true>; KeyLE = hilbert_basis::value_index2::key_le; KeyHash = checked_int64<true>::hash_proc; Value = unsigned int]'
[INFO] [stderr]   /opt/rustwide/cargo-home/registry/src/github.com-1ecc6299db9ec823/z3-sys-0.6.2/z3/src/math/hilbert/heap_trie.h:597:17:   required from 'void heap_trie<Key, KeyLE, KeyHash, Value>::insert(heap_trie<Key, KeyLE, KeyHash, Value>::node*, unsigned int, const Key*, const unsigned int*, const Value&) [with Key = checked_int64<true>; KeyLE = hilbert_basis::value_index2::key_le; KeyHash = checked_int64<true>::hash_proc; Value = unsigned int]'
[INFO] [stderr]   /opt/rustwide/cargo-home/registry/src/github.com-1ecc6299db9ec823/z3-sys-0.6.2/z3/src/math/hilbert/heap_trie.h:229:9:   required from 'void heap_trie<Key, KeyLE, KeyHash, Value>::insert(const Key*, const Value&) [with Key = checked_int64<true>; KeyLE = hilbert_basis::value_index2::key_le; KeyHash = checked_int64<true>::hash_proc; Value = unsigned int]'
[INFO] [stderr]   /opt/rustwide/cargo-home/registry/src/github.com-1ecc6299db9ec823/z3-sys-0.6.2/z3/src/math/hilbert/hilbert_basis.cpp:207:49:   required from here
[INFO] [stderr]   /opt/rustwide/cargo-home/registry/src/github.com-1ecc6299db9ec823/z3-sys-0.6.2/z3/src/util/buffer.h:45:15: warning: 'void* memcpy(void*, const void*, size_t)' writing to an object of type 'struct std::pair<checked_int64<true>, heap_trie<checked_int64<true>, hilbert_basis::value_index2::key_le, checked_int64<true>::hash_proc, unsigned int>::node*>' with no trivial copy-assignment; use copy-assignment or copy-initialization instead [-Wclass-memaccess]
[INFO] [stderr]      45 |         memcpy(new_buffer, m_buffer, m_pos * sizeof(T));
[INFO] [stderr]         |         ~~~~~~^~~~~~~~~~~~~~~~~~~~~~~~~~~~~~~~~~~~~~~~~
[INFO] [stderr]   In file included from /usr/include/c++/9/bits/stl_algobase.h:64,
[INFO] [stderr]                    from /usr/include/c++/9/bits/char_traits.h:39,
[INFO] [stderr]                    from /usr/include/c++/9/string:40,
[INFO] [stderr]                    from /opt/rustwide/cargo-home/registry/src/github.com-1ecc6299db9ec823/z3-sys-0.6.2/z3/src/util/mpz.h:22,
[INFO] [stderr]                    from /opt/rustwide/cargo-home/registry/src/github.com-1ecc6299db9ec823/z3-sys-0.6.2/z3/src/util/mpq.h:22,
[INFO] [stderr]                    from /opt/rustwide/cargo-home/registry/src/github.com-1ecc6299db9ec823/z3-sys-0.6.2/z3/src/util/rational.h:22,
[INFO] [stderr]                    from /opt/rustwide/cargo-home/registry/src/github.com-1ecc6299db9ec823/z3-sys-0.6.2/z3/src/math/hilbert/hilbert_basis.h:31,
[INFO] [stderr]                    from /opt/rustwide/cargo-home/registry/src/github.com-1ecc6299db9ec823/z3-sys-0.6.2/z3/src/math/hilbert/hilbert_basis.cpp:20:
[INFO] [stderr]   /usr/include/c++/9/bits/stl_pair.h:208:12: note: 'struct std::pair<checked_int64<true>, heap_trie<checked_int64<true>, hilbert_basis::value_index2::key_le, checked_int64<true>::hash_proc, unsigned int>::node*>' declared here
[INFO] [stderr]     208 |     struct pair
[INFO] [stderr]         |            ^~~~
[INFO] [stderr]   In file included from /opt/rustwide/cargo-home/registry/src/github.com-1ecc6299db9ec823/z3-sys-0.6.2/z3/src/util/mpn.h:25,
[INFO] [stderr]                    from /opt/rustwide/cargo-home/registry/src/github.com-1ecc6299db9ec823/z3-sys-0.6.2/z3/src/util/mpz.h:29,
[INFO] [stderr]                    from /opt/rustwide/cargo-home/registry/src/github.com-1ecc6299db9ec823/z3-sys-0.6.2/z3/src/math/polynomial/polynomial.h:22,
[INFO] [stderr]                    from /opt/rustwide/cargo-home/registry/src/github.com-1ecc6299db9ec823/z3-sys-0.6.2/z3/src/math/polynomial/polynomial.cpp:19:
[INFO] [stderr]   /opt/rustwide/cargo-home/registry/src/github.com-1ecc6299db9ec823/z3-sys-0.6.2/z3/src/util/buffer.h: In instantiation of 'void buffer<T, CallDestructors, INITIAL_SIZE>::expand() [with T = polynomial::power; bool CallDestructors = false; unsigned int INITIAL_SIZE = 32]':
[INFO] [stderr]   /opt/rustwide/cargo-home/registry/src/github.com-1ecc6299db9ec823/z3-sys-0.6.2/z3/src/util/buffer.h:158:13:   required from 'void buffer<T, CallDestructors, INITIAL_SIZE>::push_back(T&&) [with T = polynomial::power; bool CallDestructors = false; unsigned int INITIAL_SIZE = 32]'
[INFO] [stderr]   /opt/rustwide/cargo-home/registry/src/github.com-1ecc6299db9ec823/z3-sys-0.6.2/z3/src/math/polynomial/polynomial.cpp:4288:54:   required from here
[INFO] [stderr]   /opt/rustwide/cargo-home/registry/src/github.com-1ecc6299db9ec823/z3-sys-0.6.2/z3/src/util/buffer.h:45:15: warning: 'void* memcpy(void*, const void*, size_t)' writing to an object of type 'class polynomial::power' with no trivial copy-assignment; use copy-assignment or copy-initialization instead [-Wclass-memaccess]
[INFO] [stderr]      45 |         memcpy(new_buffer, m_buffer, m_pos * sizeof(T));
[INFO] [stderr]         |         ~~~~~~^~~~~~~~~~~~~~~~~~~~~~~~~~~~~~~~~~~~~~~~~
[INFO] [stderr]   /opt/rustwide/cargo-home/registry/src/github.com-1ecc6299db9ec823/z3-sys-0.6.2/z3/src/math/polynomial/polynomial.cpp:91:11: note: 'class polynomial::power' declared here
[INFO] [stderr]      91 |     class power : public std::pair<var, unsigned> {
[INFO] [stderr]         |           ^~~~~
[INFO] [stderr]   In file included from /opt/rustwide/cargo-home/registry/src/github.com-1ecc6299db9ec823/z3-sys-0.6.2/z3/src/util/mpn.h:25,
[INFO] [stderr]                    from /opt/rustwide/cargo-home/registry/src/github.com-1ecc6299db9ec823/z3-sys-0.6.2/z3/src/util/mpz.h:29,
[INFO] [stderr]                    from /opt/rustwide/cargo-home/registry/src/github.com-1ecc6299db9ec823/z3-sys-0.6.2/z3/src/math/polynomial/polynomial.h:22,
[INFO] [stderr]                    from /opt/rustwide/cargo-home/registry/src/github.com-1ecc6299db9ec823/z3-sys-0.6.2/z3/src/math/polynomial/polynomial.cpp:19:
[INFO] [stderr]   /opt/rustwide/cargo-home/registry/src/github.com-1ecc6299db9ec823/z3-sys-0.6.2/z3/src/util/buffer.h: In instantiation of 'void buffer<T, CallDestructors, INITIAL_SIZE>::expand() [with T = polynomial::power; bool CallDestructors = false; unsigned int INITIAL_SIZE = 16]':
[INFO] [stderr]   /opt/rustwide/cargo-home/registry/src/github.com-1ecc6299db9ec823/z3-sys-0.6.2/z3/src/util/buffer.h:158:13:   required from 'void buffer<T, CallDestructors, INITIAL_SIZE>::push_back(T&&) [with T = polynomial::power; bool CallDestructors = false; unsigned int INITIAL_SIZE = 16]'
[INFO] [stderr]   /opt/rustwide/cargo-home/registry/src/github.com-1ecc6299db9ec823/z3-sys-0.6.2/z3/src/math/polynomial/polynomial.cpp:4709:42:   required from here
[INFO] [stderr]   /opt/rustwide/cargo-home/registry/src/github.com-1ecc6299db9ec823/z3-sys-0.6.2/z3/src/util/buffer.h:45:15: warning: 'void* memcpy(void*, const void*, size_t)' writing to an object of type 'class polynomial::power' with no trivial copy-assignment; use copy-assignment or copy-initialization instead [-Wclass-memaccess]
[INFO] [stderr]      45 |         memcpy(new_buffer, m_buffer, m_pos * sizeof(T));
[INFO] [stderr]         |         ~~~~~~^~~~~~~~~~~~~~~~~~~~~~~~~~~~~~~~~~~~~~~~~
[INFO] [stderr]   /opt/rustwide/cargo-home/registry/src/github.com-1ecc6299db9ec823/z3-sys-0.6.2/z3/src/math/polynomial/polynomial.cpp:91:11: note: 'class polynomial::power' declared here
[INFO] [stderr]      91 |     class power : public std::pair<var, unsigned> {
[INFO] [stderr]         |           ^~~~~
[INFO] [stderr]   INFO:root:Using /opt/rustwide/cargo-home/registry/src/github.com-1ecc6299db9ec823/z3-sys-0.6.2/z3/src/math/realclosure/rcf_params.pyg
[INFO] [stderr]   INFO:root:Generated "/opt/rustwide/target/debug/build/z3-sys-c4ecefb1c87ca113/out/build/src/math/realclosure/rcf_params.hpp"
[INFO] [stderr]   In file included from /opt/rustwide/cargo-home/registry/src/github.com-1ecc6299db9ec823/z3-sys-0.6.2/z3/src/util/mpn.h:25,
[INFO] [stderr]                    from /opt/rustwide/cargo-home/registry/src/github.com-1ecc6299db9ec823/z3-sys-0.6.2/z3/src/util/mpz.h:29,
[INFO] [stderr]                    from /opt/rustwide/cargo-home/registry/src/github.com-1ecc6299db9ec823/z3-sys-0.6.2/z3/src/math/polynomial/polynomial.h:22,
[INFO] [stderr]                    from /opt/rustwide/cargo-home/registry/src/github.com-1ecc6299db9ec823/z3-sys-0.6.2/z3/src/math/polynomial/polynomial.cpp:19:
[INFO] [stderr]   /opt/rustwide/cargo-home/registry/src/github.com-1ecc6299db9ec823/z3-sys-0.6.2/z3/src/util/buffer.h: In instantiation of 'void buffer<T, CallDestructors, INITIAL_SIZE>::expand() [with T = mpz; bool CallDestructors = false; unsigned int INITIAL_SIZE = 128]':
[INFO] [stderr]   /opt/rustwide/cargo-home/registry/src/github.com-1ecc6299db9ec823/z3-sys-0.6.2/z3/src/util/buffer.h:158:13:   required from 'void buffer<T, CallDestructors, INITIAL_SIZE>::push_back(T&&) [with T = mpz; bool CallDestructors = false; unsigned int INITIAL_SIZE = 128]'
[INFO] [stderr]   /opt/rustwide/cargo-home/registry/src/github.com-1ecc6299db9ec823/z3-sys-0.6.2/z3/src/util/scoped_numeral_buffer.h:46:25:   required from 'void _scoped_numeral_buffer<Manager, INITIAL_SIZE>::push_back(const typename Manager::numeral&) [with Manager = mpzzp_manager; unsigned int INITIAL_SIZE = 128; typename Manager::numeral = mpz]'
[INFO] [stderr]   /opt/rustwide/cargo-home/registry/src/github.com-1ecc6299db9ec823/z3-sys-0.6.2/z3/src/math/polynomial/polynomial.cpp:6874:43:   required from here
[INFO] [stderr]   /opt/rustwide/cargo-home/registry/src/github.com-1ecc6299db9ec823/z3-sys-0.6.2/z3/src/util/buffer.h:45:15: warning: 'void* memcpy(void*, const void*, size_t)' writing to an object of type 'class mpz' with no trivial copy-assignment [-Wclass-memaccess]
[INFO] [stderr]      45 |         memcpy(new_buffer, m_buffer, m_pos * sizeof(T));
[INFO] [stderr]         |         ~~~~~~^~~~~~~~~~~~~~~~~~~~~~~~~~~~~~~~~~~~~~~~~
[INFO] [stderr]   In file included from /opt/rustwide/cargo-home/registry/src/github.com-1ecc6299db9ec823/z3-sys-0.6.2/z3/src/math/polynomial/polynomial.h:22,
[INFO] [stderr]                    from /opt/rustwide/cargo-home/registry/src/github.com-1ecc6299db9ec823/z3-sys-0.6.2/z3/src/math/polynomial/polynomial.cpp:19:
[INFO] [stderr]   /opt/rustwide/cargo-home/registry/src/github.com-1ecc6299db9ec823/z3-sys-0.6.2/z3/src/util/mpz.h:84:7: note: 'class mpz' declared here
[INFO] [stderr]      84 | class mpz {
[INFO] [stderr]         |       ^~~
[INFO] [stderr]   INFO:root:Using /opt/rustwide/cargo-home/registry/src/github.com-1ecc6299db9ec823/z3-sys-0.6.2/z3/src/ast/pp_params.pyg
[INFO] [stderr]   INFO:root:Generated "/opt/rustwide/target/debug/build/z3-sys-c4ecefb1c87ca113/out/build/src/ast/pp_params.hpp"
[INFO] [stderr]   In file included from /opt/rustwide/cargo-home/registry/src/github.com-1ecc6299db9ec823/z3-sys-0.6.2/z3/src/ast/ast.h:25,
[INFO] [stderr]                    from /opt/rustwide/cargo-home/registry/src/github.com-1ecc6299db9ec823/z3-sys-0.6.2/z3/src/ast/arith_decl_plugin.h:22,
[INFO] [stderr]                    from /opt/rustwide/cargo-home/registry/src/github.com-1ecc6299db9ec823/z3-sys-0.6.2/z3/src/ast/ast_translation.cpp:19:
[INFO] [stderr]   /opt/rustwide/cargo-home/registry/src/github.com-1ecc6299db9ec823/z3-sys-0.6.2/z3/src/util/buffer.h: In instantiation of 'void buffer<T, CallDestructors, INITIAL_SIZE>::expand() [with T = parameter; bool CallDestructors = true; unsigned int INITIAL_SIZE = 16]':
[INFO] [stderr]   /opt/rustwide/cargo-home/registry/src/github.com-1ecc6299db9ec823/z3-sys-0.6.2/z3/src/util/buffer.h:158:13:   required from 'void buffer<T, CallDestructors, INITIAL_SIZE>::push_back(T&&) [with T = parameter; bool CallDestructors = true; unsigned int INITIAL_SIZE = 16]'
[INFO] [stderr]   /opt/rustwide/cargo-home/registry/src/github.com-1ecc6299db9ec823/z3-sys-0.6.2/z3/src/ast/ast_translation.cpp:101:54:   required from here
[INFO] [stderr]   /opt/rustwide/cargo-home/registry/src/github.com-1ecc6299db9ec823/z3-sys-0.6.2/z3/src/util/buffer.h:45:15: warning: 'void* memcpy(void*, const void*, size_t)' writing to an object of type 'class parameter' with no trivial copy-assignment; use copy-assignment or copy-initialization instead [-Wclass-memaccess]
[INFO] [stderr]      45 |         memcpy(new_buffer, m_buffer, m_pos * sizeof(T));
[INFO] [stderr]         |         ~~~~~~^~~~~~~~~~~~~~~~~~~~~~~~~~~~~~~~~~~~~~~~~
[INFO] [stderr]   In file included from /opt/rustwide/cargo-home/registry/src/github.com-1ecc6299db9ec823/z3-sys-0.6.2/z3/src/ast/arith_decl_plugin.h:22,
[INFO] [stderr]                    from /opt/rustwide/cargo-home/registry/src/github.com-1ecc6299db9ec823/z3-sys-0.6.2/z3/src/ast/ast_translation.cpp:19:
[INFO] [stderr]   /opt/rustwide/cargo-home/registry/src/github.com-1ecc6299db9ec823/z3-sys-0.6.2/z3/src/ast/ast.h:89:7: note: 'class parameter' declared here
[INFO] [stderr]      89 | class parameter {
[INFO] [stderr]         |       ^~~~~~~~~
[INFO] [stderr]   c++: fatal error: Killed signal terminated program cc1plus
[INFO] [stderr]   compilation terminated.
[INFO] [stderr]   make[2]: *** [src/ast/CMakeFiles/ast.dir/build.make:95: src/ast/CMakeFiles/ast.dir/array_decl_plugin.cpp.o] Error 1
[INFO] [stderr]   make[2]: *** Waiting for unfinished jobs....
[INFO] [stderr]   c++: fatal error: Killed signal terminated program cc1plus
[INFO] [stderr]   compilation terminated.
[INFO] [stderr]   c++: fatal error: Killed signal terminated program cc1plus
[INFO] [stderr]   compilation terminated.
[INFO] [stderr]   make[2]: *** [src/ast/CMakeFiles/ast.dir/build.make:147: src/ast/CMakeFiles/ast.dir/ast_pp_util.cpp.o] Error 1
[INFO] [stderr]   make[2]: *** [src/ast/CMakeFiles/ast.dir/build.make:238: src/ast/CMakeFiles/ast.dir/bv_decl_plugin.cpp.o] Error 1
[INFO] [stderr]   c++: fatal error: Killed signal terminated program cc1plus
[INFO] [stderr]   compilation terminated.
[INFO] [stderr]   make[2]: *** [src/ast/CMakeFiles/ast.dir/build.make:82: src/ast/CMakeFiles/ast.dir/arith_decl_plugin.cpp.o] Error 1
[INFO] [stderr]   In file included from /opt/rustwide/cargo-home/registry/src/github.com-1ecc6299db9ec823/z3-sys-0.6.2/z3/src/ast/ast.h:25,
[INFO] [stderr]                    from /opt/rustwide/cargo-home/registry/src/github.com-1ecc6299db9ec823/z3-sys-0.6.2/z3/src/ast/ast.cpp:21:
[INFO] [stderr]   /opt/rustwide/cargo-home/registry/src/github.com-1ecc6299db9ec823/z3-sys-0.6.2/z3/src/util/buffer.h: In instantiation of 'void buffer<T, CallDestructors, INITIAL_SIZE>::expand() [with T = parameter; bool CallDestructors = true; unsigned int INITIAL_SIZE = 16]':
[INFO] [stderr]   /opt/rustwide/cargo-home/registry/src/github.com-1ecc6299db9ec823/z3-sys-0.6.2/z3/src/util/buffer.h:158:13:   required from 'void buffer<T, CallDestructors, INITIAL_SIZE>::push_back(T&&) [with T = parameter; bool CallDestructors = true; unsigned int INITIAL_SIZE = 16]'
[INFO] [stderr]   /opt/rustwide/cargo-home/registry/src/github.com-1ecc6299db9ec823/z3-sys-0.6.2/z3/src/ast/ast.cpp:2415:49:   required from here
[INFO] [stderr]   /opt/rustwide/cargo-home/registry/src/github.com-1ecc6299db9ec823/z3-sys-0.6.2/z3/src/util/buffer.h:45:15: warning: 'void* memcpy(void*, const void*, size_t)' writing to an object of type 'class parameter' with no trivial copy-assignment; use copy-assignment or copy-initialization instead [-Wclass-memaccess]
[INFO] [stderr]      45 |         memcpy(new_buffer, m_buffer, m_pos * sizeof(T));
[INFO] [stderr]         |         ~~~~~~^~~~~~~~~~~~~~~~~~~~~~~~~~~~~~~~~~~~~~~~~
[INFO] [stderr]   In file included from /opt/rustwide/cargo-home/registry/src/github.com-1ecc6299db9ec823/z3-sys-0.6.2/z3/src/ast/ast.cpp:21:
[INFO] [stderr]   /opt/rustwide/cargo-home/registry/src/github.com-1ecc6299db9ec823/z3-sys-0.6.2/z3/src/ast/ast.h:89:7: note: 'class parameter' declared here
[INFO] [stderr]      89 | class parameter {
[INFO] [stderr]         |       ^~~~~~~~~
[INFO] [stderr]   make[1]: *** [CMakeFiles/Makefile2:1781: src/ast/CMakeFiles/ast.dir/all] Error 2
[INFO] [stderr]   make: *** [Makefile:130: all] Error 2
[INFO] [stderr]   thread 'main' panicked at '
[INFO] [stderr]   command did not execute successfully, got: exit code: 2
[INFO] [stderr] 
[INFO] [stderr]   build script failed, must exit now', /opt/rustwide/cargo-home/registry/src/github.com-1ecc6299db9ec823/cmake-0.1.44/src/lib.rs:885:5
[INFO] [stderr]   stack backtrace:
[INFO] [stderr]      0:     0x5600f036a1a0 - std::backtrace_rs::backtrace::libunwind::trace::h452faf99f32e7c93
[INFO] [stderr]                                  at /rustc/af3c6e733a40e671550e0f0f5aeecaa13772ba56/library/std/src/../../backtrace/src/backtrace/libunwind.rs:96
[INFO] [stderr]      1:     0x5600f036a1a0 - std::backtrace_rs::backtrace::trace_unsynchronized::he40edc71437667a1
[INFO] [stderr]                                  at /rustc/af3c6e733a40e671550e0f0f5aeecaa13772ba56/library/std/src/../../backtrace/src/backtrace/mod.rs:66
[INFO] [stderr]      2:     0x5600f036a1a0 - std::sys_common::backtrace::_print_fmt::h6c51d6ade71f46bf
[INFO] [stderr]                                  at /rustc/af3c6e733a40e671550e0f0f5aeecaa13772ba56/library/std/src/sys_common/backtrace.rs:79
[INFO] [stderr]      3:     0x5600f036a1a0 - <std::sys_common::backtrace::_print::DisplayBacktrace as core::fmt::Display>::fmt::h3cd15d7003dec37a
[INFO] [stderr]                                  at /rustc/af3c6e733a40e671550e0f0f5aeecaa13772ba56/library/std/src/sys_common/backtrace.rs:58
[INFO] [stderr]      4:     0x5600f038961c - core::fmt::write::h1857a60b204f1b6a
[INFO] [stderr]                                  at /rustc/af3c6e733a40e671550e0f0f5aeecaa13772ba56/library/core/src/fmt/mod.rs:1080
[INFO] [stderr]      5:     0x5600f0366b97 - std::io::Write::write_fmt::hac61caff894c35ae
[INFO] [stderr]                                  at /rustc/af3c6e733a40e671550e0f0f5aeecaa13772ba56/library/std/src/io/mod.rs:1517
[INFO] [stderr]      6:     0x5600f036c950 - std::sys_common::backtrace::_print::haa2f390fb7957e3e
[INFO] [stderr]                                  at /rustc/af3c6e733a40e671550e0f0f5aeecaa13772ba56/library/std/src/sys_common/backtrace.rs:61
[INFO] [stderr]      7:     0x5600f036c950 - std::sys_common::backtrace::print::h48c7cbbad9013bb1
[INFO] [stderr]                                  at /rustc/af3c6e733a40e671550e0f0f5aeecaa13772ba56/library/std/src/sys_common/backtrace.rs:48
[INFO] [stderr]      8:     0x5600f036c950 - std::panicking::default_hook::{{closure}}::h8b7ff05a31e71d55
[INFO] [stderr]                                  at /rustc/af3c6e733a40e671550e0f0f5aeecaa13772ba56/library/std/src/panicking.rs:208
[INFO] [stderr]      9:     0x5600f036c69c - std::panicking::default_hook::h2f00c78800d98e4c
[INFO] [stderr]                                  at /rustc/af3c6e733a40e671550e0f0f5aeecaa13772ba56/library/std/src/panicking.rs:227
[INFO] [stderr]     10:     0x5600f036cfb3 - std::panicking::rust_panic_with_hook::h4eaa635e4694aef3
[INFO] [stderr]                                  at /rustc/af3c6e733a40e671550e0f0f5aeecaa13772ba56/library/std/src/panicking.rs:577
[INFO] [stderr]     11:     0x5600f036cb89 - std::panicking::begin_panic_handler::{{closure}}::hec242f1b136b5ff2
[INFO] [stderr]                                  at /rustc/af3c6e733a40e671550e0f0f5aeecaa13772ba56/library/std/src/panicking.rs:484
[INFO] [stderr]     12:     0x5600f036a60c - std::sys_common::backtrace::__rust_end_short_backtrace::h1f3cc383ee6c0374
[INFO] [stderr]                                  at /rustc/af3c6e733a40e671550e0f0f5aeecaa13772ba56/library/std/src/sys_common/backtrace.rs:153
[INFO] [stderr]     13:     0x5600f036cb49 - rust_begin_unwind
[INFO] [stderr]                                  at /rustc/af3c6e733a40e671550e0f0f5aeecaa13772ba56/library/std/src/panicking.rs:483
[INFO] [stderr]     14:     0x5600f036cafb - std::panicking::begin_panic_fmt::hebfdcd945bbd27b1
[INFO] [stderr]                                  at /rustc/af3c6e733a40e671550e0f0f5aeecaa13772ba56/library/std/src/panicking.rs:437
[INFO] [stderr]     15:     0x5600f02f7607 - cmake::fail::h5ac34a445f962f17
[INFO] [stderr]                                  at /opt/rustwide/cargo-home/registry/src/github.com-1ecc6299db9ec823/cmake-0.1.44/src/lib.rs:885
[INFO] [stderr]     16:     0x5600f02f6f4c - cmake::run::hdae76e59475531dd
[INFO] [stderr]                                  at /opt/rustwide/cargo-home/registry/src/github.com-1ecc6299db9ec823/cmake-0.1.44/src/lib.rs:863
[INFO] [stderr]     17:     0x5600f02f36bb - cmake::Config::build::h1f94ac9664857d70
[INFO] [stderr]                                  at /opt/rustwide/cargo-home/registry/src/github.com-1ecc6299db9ec823/cmake-0.1.44/src/lib.rs:769
[INFO] [stderr]     18:     0x5600f02eeef4 - build_script_build::build_z3::hee088803cc174a66
[INFO] [stderr]                                  at /opt/rustwide/cargo-home/registry/src/github.com-1ecc6299db9ec823/z3-sys-0.6.2/build.rs:22
[INFO] [stderr]     19:     0x5600f02eedf6 - build_script_build::main::h67064fc73a36a72d
[INFO] [stderr]                                  at /opt/rustwide/cargo-home/registry/src/github.com-1ecc6299db9ec823/z3-sys-0.6.2/build.rs:3
[INFO] [stderr]     20:     0x5600f02ee86b - core::ops::function::FnOnce::call_once::h9b22a87319cc7f90
[INFO] [stderr]                                  at /rustc/af3c6e733a40e671550e0f0f5aeecaa13772ba56/library/core/src/ops/function.rs:227
[INFO] [stderr]     21:     0x5600f02ef8ae - std::sys_common::backtrace::__rust_begin_short_backtrace::h1c48cb697e367199
[INFO] [stderr]                                  at /rustc/af3c6e733a40e671550e0f0f5aeecaa13772ba56/library/std/src/sys_common/backtrace.rs:137
[INFO] [stderr]     22:     0x5600f02ef951 - std::rt::lang_start::{{closure}}::h442dac445ebfc59a
[INFO] [stderr]                                  at /rustc/af3c6e733a40e671550e0f0f5aeecaa13772ba56/library/std/src/rt.rs:66
[INFO] [stderr]     23:     0x5600f036d3b1 - core::ops::function::impls::<impl core::ops::function::FnOnce<A> for &F>::call_once::hecc21eb9018cc197
[INFO] [stderr]                                  at /rustc/af3c6e733a40e671550e0f0f5aeecaa13772ba56/library/core/src/ops/function.rs:259
[INFO] [stderr]     24:     0x5600f036d3b1 - std::panicking::try::do_call::h174ad655d084b5c7
[INFO] [stderr]                                  at /rustc/af3c6e733a40e671550e0f0f5aeecaa13772ba56/library/std/src/panicking.rs:381
[INFO] [stderr]     25:     0x5600f036d3b1 - std::panicking::try::h479e6054ce28de10
[INFO] [stderr]                                  at /rustc/af3c6e733a40e671550e0f0f5aeecaa13772ba56/library/std/src/panicking.rs:345
[INFO] [stderr]     26:     0x5600f036d3b1 - std::panic::catch_unwind::hb558ddea2b3e9c45
[INFO] [stderr]                                  at /rustc/af3c6e733a40e671550e0f0f5aeecaa13772ba56/library/std/src/panic.rs:382
[INFO] [stderr]     27:     0x5600f036d3b1 - std::rt::lang_start_internal::h163149047f0a8b61
[INFO] [stderr]                                  at /rustc/af3c6e733a40e671550e0f0f5aeecaa13772ba56/library/std/src/rt.rs:51
[INFO] [stderr]     28:     0x5600f02ef927 - std::rt::lang_start::h1ba29278f11019e0
[INFO] [stderr]                                  at /rustc/af3c6e733a40e671550e0f0f5aeecaa13772ba56/library/std/src/rt.rs:65
[INFO] [stderr]     29:     0x5600f02ef86a - main
[INFO] [stderr]     30:     0x7f6e9cd630b3 - __libc_start_main
[INFO] [stderr]     31:     0x5600f02ee0ce - _start
[INFO] [stderr]     32:                0x0 - <unknown>
[INFO] running `Command { std: "docker" "inspect" "5d265f6041d887851796193f783e10e50fc3386f972a5316d15f19dd057fe9af", kill_on_drop: false }`
[INFO] running `Command { std: "docker" "rm" "-f" "5d265f6041d887851796193f783e10e50fc3386f972a5316d15f19dd057fe9af", kill_on_drop: false }`
[INFO] [stdout] 5d265f6041d887851796193f783e10e50fc3386f972a5316d15f19dd057fe9af
